x) = 2*x**2 + x. Let s be j(-2). Suppose 16 = 4*t - 84. Let q = s + t. Is q a prime number?
True
Let g(f) = 4*f**3 + 16*f**2 - 7*f - 2. Let u(z) = 5*z**3 + 17*z**2 - 7*z - 1. Let m(v) = 6*g(v) - 5*u(v). Is m(6) composite?
False
Let b(m) = m**3 + 4*m**2 + 2. Let y be b(-4). Let c(k) = -k + 1. Let x be c(0). Let p = y + x. Is p a prime number?
True
Let s be (-53)/(-11) + (-2)/(-11). Suppose 45 + 25 = s*n. Let h = n + 20. Is h composite?
True
Suppose 3*d + 196 = -b + 2*b, -d = -3*b + 548. Is b a prime number?
True
Suppose -x - x - 2 = 0. Is x - (0 + -2) - -22 prime?
True
Suppose -2*z = 3*z - 15. Suppose -g + 37 = -z*j, 48 = g - 2*j + 7. Is g a prime number?
False
Suppose -4*j + j + 15 = 0. Suppose 3*y + j*d - 320 = 0, -4*y + 370 = -y - 5*d. Is y a composite number?
True
Let s(q) be the second derivative of 85*q**3/6 + q**2/2 - 6*q. Is s(8) prime?
False
Let r = 5 - 3. Suppose 0 = c + 3*u - 2, 0*c - 4*c + 8 = r*u. Suppose 0 = -c*x + 2*p + 6, 4*x + 3*p = 6*p + 16. Is x a prime number?
True
Let r = -3 - -3. Suppose r = 3*y - 3*n - 315, -3*y + 60 = 2*n - 250. Let u = y - 51. Is u a prime number?
True
Suppose 0 = 3*l + 2*w - 465, -3*l - 2*w = -w - 465. Is l a prime number?
False
Let h(b) = -b**3 + 15*b**2 + 13*b + 14. Is h(13) composite?
False
Let z = 111 - -80. Is z composite?
False
Suppose 0 = 5*t - 3*t + 3*f - 1258, -3*t = 5*f - 1889. Is t composite?
True
Let m = -6 - -11. Suppose -y = -4*q + m, 5 = 6*q - 3*q - y. Suppose q = n + 2*l + 24 - 71, 5 = l. Is n prime?
True
Let n(j) = -j**3 - 8*j**2 - 7*j + 4. Let v be n(-7). Suppose -2*d + 5*d - 24 = v*u, d = u + 7. Suppose 2*s - 185 = -s - d*h, -55 = -s - 3*h. Is s composite?
False
Let l = -1421 + 2430. Is l prime?
True
Is ((-3964)/20)/(4/(4*-5)) prime?
True
Let t be ((-156)/5)/((-2)/15). Let p = 85 - 41. Suppose 0 = u + 3*y - p, -u - y + t = 4*u. Is u composite?
False
Let q(m) = m**2 - 2*m. Let i be q(5). Suppose -4*h = 5*u - 163, -2*u - i = -h + 16. Is h a prime number?
True
Let q = -10 - -21. Suppose -i - w + q = w, -i + 2 = -w. Suppose 3*n = 2*t + 203, -i*n = 2*t + 104 - 421. Is n a prime number?
False
Suppose 5*c - 15 = 5*x, -3*c + 2*c + 9 = 2*x. Suppose t = 3*s - 425, 0 = x*s + 2*t - 322 + 28. Is s a composite number?
True
Let b = 18 + -16. Is b + (3/(-1) - -378) composite?
True
Let y = -5 + 6. Let q = 24 - y. Is q prime?
True
Let r be -3 + (-3 - (-20)/2). Is ((-670)/(-20))/(2/r) a composite number?
False
Suppose -k - 4*k + 270 = 0. Suppose 101 = 5*o - k. Is o prime?
True
Let r(j) = -4*j**3 - j**2 + j - 1. Let f be r(-3). Suppose 0*s - s = -f. Is s a composite number?
True
Suppose 2*d - 1338 = -4*d. Is d composite?
False
Suppose -373 = -5*h + 412. Is h a prime number?
True
Let k(q) = 22*q**2 - q - 1. Is k(-2) composite?
False
Suppose -g + 142 = -3*d, 3*g - 2*d - d - 426 = 0. Is g prime?
False
Let w = 147 - 96. Is w a prime number?
False
Suppose 2*g = -g + 192. Let f = g - -13. Is f a composite number?
True
Suppose 0 = -2*h - 8, -3*h - 2*h + 80 = 5*z. Suppose u - 14 = z. Suppose u = 5*p + 5*n - 61, 0 = 4*p + 2*n - 80. Is p composite?
True
Suppose -4*s + 1794 = -i - 989, 5*s - 5*i = 3490. Is s a composite number?
True
Suppose -3*b - 696 + 2751 = 0. Is b composite?
True
Suppose -22 = -2*w + 12. Let k(m) = 2*m**2 - m + 10. Let u be k(-7). Suppose n + 5*c = w, c = -2*n + 5*n - u. Is n composite?
False
Let p be ((-2)/1 + 21)*7. Suppose v + 0*v - p = 0. Is v composite?
True
Let y = -9 + 14. Suppose y*r = -34 - 256. Is (-4)/(-12) - r/6 prime?
False
Let x(v) be the second derivative of -v**5/20 + 2*v**4/3 + v**3/2 + 9*v**2/2 + 3*v. Is x(7) a prime number?
True
Let x(d) = -d**3 - 2*d**2 + d + 1. Let m be x(-3). Let o be (-2 - -4) + m/1. Suppose -v = -4*v + o, 0 = -l + 4*v + 41. Is l a composite number?
False
Let g(o) = o + 4. Let p be g(-3). Let w be 4*p*(-2)/(-4). Is 23 + (0 - (-6)/w) a prime number?
False
Let m(n) = -2*n**2 - 4*n + 1141. Is m(0) composite?
True
Let v(b) be the second derivative of -b**5/4 + b**4/12 + 5*b**3/6 + 5*b**2/2 + 4*b. Is v(-2) a prime number?
False
Let c(s) = 8*s - 11. Suppose -2*n + 19 - 3 = 0. Suppose -g = -0*g - n. Is c(g) prime?
True
Suppose 143 = o - 2342. Is o/21 - 4/(-6) a prime number?
False
Let z be 3*(-3)/18*2. Let m = z + 5. Suppose -552 = -4*u - m*q, -3*u + 582 = u - 2*q. Is u prime?
False
Suppose 16*l - 32588 = -284. Is l prime?
False
Suppose 26*n = 28*n - 6522. Is n a composite number?
True
Let c(n) = n + 7. Let f be c(-7). Suppose f = 3*l - 5*l + 10. Suppose 0 = -2*j + l*j - 33. Is j prime?
True
Suppose 15173 = 6*o - 6781. Is o composite?
False
Let g(j) = j**3 + 10*j**2 - 2*j - 5. Is g(-8) composite?
False
Suppose j - 206 = 20. Let v = -137 + j. Is v a prime number?
True
Let c be 3/5 - 13176/(-15). Suppose 4*i = -f + 4*f - c, i + 879 = 3*f. Is f composite?
False
Suppose -9318 = -2*x + 5*i, 5*x = 2*i + 27390 - 4137. Is x a composite number?
False
Let r = 133 - 80. Is r a prime number?
True
Suppose 3*b - 406 = b. Is b composite?
True
Suppose 12*a - 9*a = -6. Is ((-1)/a)/(4/968) a composite number?
True
Let t(o) = -o + 9. Let p be t(5). Let d(q) = p + 4*q**2 - 4 - 9*q + 2*q + 2. Is d(5) a prime number?
True
Let a(s) be the third derivative of s**6/360 + s**5/60 + s**4/8 - s**3/3 + s**2. Let h(l) be the first derivative of a(l). Is h(-3) composite?
True
Let l be 8/10*10/4. Suppose -l*k - 2*b - 2*b = -94, 4*k - 3*b - 221 = 0. Is k a composite number?
False
Let b be 8/2 - 0/1. Let n = 6 - b. Is n composite?
False
Let s(u) = -u**2 - 4*u + 4. Let y be s(-7). Let j = 30 + y. Is j a composite number?
False
Let d = -1887 - -3326. Is d a composite number?
False
Let l = -292 + 515. Is l a prime number?
True
Suppose -44 = -0*p + 2*p. Is (p/(-8))/((-4)/(-48)) prime?
False
Let r(j) = 2441*j - 4. Is r(1) composite?
False
Let q(f) = 4*f**3 - 2*f**2 + 2*f - 1. Let i be q(1). Suppose 43 = g + i*p, 68 = 3*g + 4*p - 81. Is g composite?
True
Let j be -20 + 1 + 3/(-3). Let d be 2/8 + 5/j. Is 0 + d - 13/(-1) a composite number?
False
Let i(q) = 370*q**3 + q. Is i(1) prime?
False
Suppose -5*t + v = -1213, 5*t + v - 493 = 724. Suppose 3*y = -2*n + t, 0*y = -y + 2*n + 73. Is y a composite number?
False
Let w(f) = f**2 + 6*f + 3. Let x be w(-7). Suppose t + k + 2 = 3*t, -4*t - k + x = 0. Suppose 2*i - t*y = -17 + 95, 3*i = 4*y + 121. Is i a prime number?
False
Let s be (-2 - (-2)/(-2)) + 2. Is 167 + s + (-1 - -4) composite?
True
Let l(v) = -831*v + 7. Is l(-2) composite?
False
Let y(i) = 3*i**2 + i**2 - 2*i**2 + 12*i - 5*i + 6. Let o be y(-5). Suppose c + o = 2*c. Is c a composite number?
True
Let r = 15 - 11. Suppose -56 + r = -2*b. Suppose b - 7 = z. Is z prime?
True
Suppose 12 = 3*h + h, 3*v - 15 = -5*h. Suppose v = -2*y + 40 - 98. Let p = y - -60. Is p a composite number?
False
Let y be 38/9 + 8/(-36). Let o be (y/((-12)/9))/(-1). Suppose -4*c = g - 3 - 8, o*g + 2*c = 83. Is g prime?
True
Let r(t) = -t + 1 - 2*t - 2 + 2*t. Let v be r(-1). Suppose 0 = a - v*a - 37. Is a a composite number?
False
Let h(w) = 4*w**2 + 3*w + 8. Is h(-9) prime?
False
Let s = 0 - -20. Suppose 3*v + v = s. Suppose 15 = -v*a, -5*a + 7 = 5*z - 28. Is z a composite number?
True
Let g = 13 + -10. Suppose -p + k = -39 - 120, g*k = -3*p + 489. Is p a prime number?
False
Let n(k) = -41*k - 3. Let r = -6 - -6. Suppose r = -5*v - 2*y - 6, -2*v - 3*v - 20 = -5*y. Is n(v) a prime number?
True
Let t = 802 - 288. Is 2*(0 + t/4) a composite number?
False
Let v(x) = -x**3 + 4*x**2 + 3*x - 5. Is v(-4) composite?
True
Let p be -1 - -1 - (-763 + 6). Let v = p + -386. Is v composite?
True
Suppose 0 = -2*t + 6. Suppose x = 2*x - t. Let m(f) = 4*f**2 - f + 2. Is m(x) composite?
True
Let c(j) = -5*j + 1. Let b(r) = -r**3 + 5*r**2 - 6*r + 2. Let u be 0 - -2 - 2 - -4. Let y be b(u). Is c(y) a prime number?
True
Let t = 11382 + -21651. Let z be t/(-14)*(-4)/(-6). Suppose -2*w + 5*w - z = 0. Is w prime?
True
Let k(s) = -s**3 + 8*s**2 - 6*s - 9. Let o be k(7). Let m(d) = -37*d + 3. Is m(o) a prime number?
False
Let h = -2 + 4. Is h/2 - (2 - 15) composite?
True
Let l(q) = q**3 + 3*q**2 + 5*q - 2. Let u be l(-4). Let k = u - -61. Is k a prime number?
True
Let j(q) = 42*q**3 - 2*q**2 + q - 1. Let p be 8/14*21/6. Is j(p) a composite number?
True
Let j = 123 + -4. Is j prime?
False
Let n = 5045 + -2950. Is n a prime number?
False
Is 1866/4 